mon divisor of p and 88.
11
Let u be (-1)/(-1) - -1 - 2. Let q be (u - -6 - -1) + -1. Suppose 3*m - 24 = -m. Calculate the highest common factor of m and q.
6
Let n(a) = a**3 - 6*a + 2. Let r be n(4). Calculate the greatest common factor of r and 336.
42
Suppose -4*g + 5*c + 0*c - 30 = 0, 2*g - c = -12. Let h(m) = m + 5. Let s be h(g). Suppose -70 = -n - s*n. Calculate the highest common factor of n and 14.
14
Suppose 4*y = -0*y - 5*s + 18, 2*s = 5*y - 6. Let p = y - 2. Suppose p = -3*t - t + 156. Calculate the highest common divisor of t and 13.
13
Let w(c) = 2*c - 1 - 2*c - c**2 + 5*c**2. Let m be w(-2). What is the greatest common factor of 75 and m?
15
Let u = -30 + 2. Let d = 39 + u. Calculate the greatest common divisor of 88 and d.
11
Let v be -3*(6 + -5 - (-3 - -3)). Suppose -4*h + 2*h = -12. Let g be (v*(-4)/h)/1. Calculate the greatest common divisor of g and 14.
2
Let o(c) = -c**3 + 7*c**2 + c - 7. Let r be o(5). Suppose 0 = 5*b + 4*h - 60, 0 = 2*b - 3*b - h + 12. Calculate the highest common factor of b and r.
12
Let f(d) = d. Let b be f(0). Suppose k = b, 2*k + 72 = -o + 2*o. Let y be 1 + 9 - 4*3/12. What is the greatest common divisor of y and o?
9
Let u = 7 - 4. Let q(t) = 18*t + 1. Let n be q(u). Let r be (-1)/((-12)/11 + 1). What is the greatest common factor of r and n?
11
Suppose -4*c + 4*k + 56 = 0, k = -3*c + 3*k + 42. Calculate the greatest common divisor of c and 14.
14
Suppose -1 + 3 = l. Suppose l*x + x = 81. Calculate the greatest common divisor of 3 and x.
3
Let c = -5 - -9. Let d(b) = 8*b - 4. Let j be -2 - 6/(2 + -3). Let q be d(j). What is the highest common divisor of q and c?
4
Suppose 5*k - 3 = 4*k. Let z = 1 + k. Suppose 0 = -2*y - i + 213, -z*y + 498 = 3*i + 75. What is the greatest common divisor of y and 12?
12
Suppose -3*m = 2*m - 75. What is the highest common divisor of 15 and m?
15
Let l be (-5)/10*6/5*-105. Calculate the greatest common divisor of 7 and l.
7
Suppose -4*k + 5*m - 18 = -154, -3*k = 3*m - 129. Calculate the greatest common factor of 26 and k.
13
Suppose 2*m + 3*r = -2*r - 16, -5*m - r + 6 = 0. Suppose u + 2*y - 13 = 3*y, m*y + 62 = 5*u. What is the greatest common divisor of u and 3?
3
Let z = -23 + 13. Let u be (-4)/z + 208/5. Let a(p) = p**2 + 13*p + 37. Let y be a(-17). Calculate the highest common divisor of y and u.
21
Suppose -4*g + 10 + 2 = 0. Let r(a) = -a**3 - 7*a**2 + 2*a + 17. Let t be r(-7). What is the greatest common divisor of t and g?
3
Suppose -3*p + 0*p = -396. Suppose -2*n + 1785 = 3*n. Suppose -n + p = -5*w. What is the highest common factor of 18 and w?
9
Suppose 3*p - 17 - 1 = -3*x, 4*p - 26 = -5*x. Suppose 0 = -b + x. Suppose -b*o - 4 + 180 = 0. Calculate the highest common divisor of 11 and o.
11
Let x be -1 + 6*105/6. Suppose 5*d = -60 - 80. Let c = -15 - d. What is the highest common divisor of c and x?
13
Suppose -4*f = 5*w - w - 20, 4*w + 40 = 2*f. What is the greatest common factor of 15 and f?
5
Suppose -14 - 6 = -5*t. Let j = 129 - 56. Suppose t*i + j = 333. What is the greatest common factor of i and 26?
13
Let p(f) = f**2 + f - 1. Let k be p(1). Suppose 4*q - 11 = -3. Suppose 5*r - o - q - 1 = 0, -2*r + o = 0. Calculate the highest common factor of r and k.
1
Suppose 3*t + 2 = 14. Suppose 2*u - 15 - 1 = t*m, 2 = -2*m. What is the highest common factor of u and 54?
6
Suppose p + 5 = 0, -3*p + 14 = -3*o - p. Let t = o + 8. Suppose 5*n + 0 - 25 = t. What is the highest common divisor of 40 and n?
5
Suppose 24*m = 21*m + 27. What is the greatest common factor of m and 36?
9
Suppose 3*y + 4*g = 38, 0 = 2*y + y + 5*g - 37. Let s = -28 + 126. What is the highest common factor of s and y?
14
Let d(j) = -9*j + 3 - j**2 - 3 + 0. Let x be d(-6). What is the greatest common divisor of 162 and x?
18
Let o be (-1278)/(-8) + 12/(-16). Let c = o - 96. What is the greatest common factor of 42 and c?
21
Let w(o) = -o**3 - 12*o**2 - 11*o + 10. Let j be w(-11). Calculate the highest common divisor of j and 90.
10
Let x(r) = 25*r - 25. Let d be x(7). What is the highest common divisor of 30 and d?
30
Let s = -4 - -7. Suppose -4*g + 5 = -s. Suppose -g*m - 3*h + 110 = -0*m, -2*m = 2*h - 110. Calculate the highest common divisor of 11 and m.
11
Let r be 3/(-3) + 2 + -54. Let y = r - -38. Let q be 5/(y/6) - -20. Calculate the greatest common divisor of 126 and q.
18
Suppose -p = 3*j - 32 - 20, -p = -3*j - 28. Let t(r) = r**2 + 5*r - 4. Let o be t(-8). Calculate the highest common factor of p and o.
20
Let d be 36 - (2 + -3 + 2 + -2). Calculate the highest common factor of d and 37.
37
Suppose 1248 = 8*o - 4*o. Suppose 0*c + 3*c = o. Calculate the greatest common factor of 13 and c.
13
Let r = 503 - 138. Suppose -x = 3*x + 5*h - r, -4*h = 12. What is the greatest common divisor of 38 and x?
19
Let m be 8 - ((1 - 2) + -1). Let v be (-6)/m - 864/(-40). What is the greatest common factor of v and 105?
21
Suppose 0*l + 396 = 4*l. What is the highest common factor of 9 and l?
9
Suppose -4*f + 4 + 8 = 0. Suppose 4*a + f = -1, -3*g - 5*a = -688. What is the highest common factor of g and 21?
21
Suppose -3*j = -n - 2 + 4, -n = -4*j - 2. Let f be (n - -3)*1/1. Let a = 1 + 4. Calculate the highest common factor of f and a.
5
Suppose -3*p - 264 = -6*p. Suppose -5*g - 9 + 56 = 4*k, 46 = 5*k + 2*g. Calculate the greatest common factor of k and p.
8
Suppose 0 = -7*g + 3*g + 36. Let o = 13 - g. Calculate the greatest common divisor of 40 and o.
4
Let x = -80 - -539. What is the highest common divisor of 51 and x?
51
Let k be (-19 - 0)*1 - 1. Let j = k + 36. Let u be (-6)/8*(0 - j). What is the greatest common factor of u and 48?
12
Suppose -w = -5*m, m = -2*w - 2*w. Suppose m*l - 5*l = -325. What is the greatest common factor of 13 and l?
13
Let y(b) = b**2 - 8*b - 5. Let w be (55/(-22))/(1/2). Let x = 4 - w. Let v be y(x). Calculate the greatest common divisor of 20 and v.
4
Let i be ((-12)/30)/(1/(-40)). What is the highest common factor of i and 48?
16
Suppose -l + 49 = 219. Let n be (-1 - l) + (0 - 1). Calculate the highest common divisor of n and 24.
24
Suppose -2*y + 66 = -4*x, 133 - 46 = 3*y - 2*x. Calculate the greatest common factor of 36 and y.
9
Suppose -37 = 5*f - 172. Let a be (3 - (-22)/(-8))*12. Calculate the greatest common divisor of f and a.
3
Let m = 3 - 0. Suppose n - d = 5 - 2, 2 = -4*n - m*d. Calculate the highest common divisor of n and 5.
1
Let x be 168/(-32)*8/(-6). Calculate the greatest common factor of 77 and x.
7
Suppose 0 = 2*w - 7 - 7. What is the highest common divisor of w and 77?
7
Suppose -2*j + 6 = 2. Let t be 122/(1 + -1 + j). Suppose 6*b - 5*v - t = 2*b, -2*b = 3*v - 47. Calculate the greatest common factor of 133 and b.
19
Let g(s) = -s**3 - 27*s**2 - s + 7. Let w be g(-27). Calculate the highest common factor of 272 and w.
34
Let w = -13 + 17. Calculate the greatest common divisor of 2 and w.
2
Let a(c) = 2*c - 4. Let k be a(6). Calculate the highest common divisor of 12 and k.
4
Let d be 7 + 0 + 20 + 5. Suppose -204 = 5*u - 779. Let t = -35 + u. Calculate the highest common factor of t and d.
16
Suppose -4*n + 27 + 73 = 0. What is the greatest common factor of n and 125?
25
Let l(f) = 23*f + 2. Let z be l(2). Suppose -5*p + 3*p = -4*k - 24, -5*p = 3*k - 21. What is the greatest common factor of p and z?
6
Let q(g) = -g**3 + 6*g**2 - 4*g - 5. Let v be q(5). Suppose -3*c - 18 + 66 = v. Calculate the highest common divisor of 2 and c.
2
Let p be (60/(-8))/(1/(-6)). Suppose -3*z + 63 = -p. What is the highest common factor of z and 12?
12
Suppose p - 3*p = 5*b - 36, 2*b - 4*p = 0. Let h be 135/(-20)*(-32)/b. Calculate the highest common divisor of h and 24.
12
Suppose 0 = 3*q + o - 238, 2*q + 5*o - 82 = 68. Let v be (-1)/(-3) - q/(-3). What is the highest common factor of v and 18?
9
Let b be 2*(-4)/(-6)*24. What is the highest common divisor of b and 160?
32
Let w(v) = v**3 - 5*v**2 + 7*v - 6. Let n be w(4). Suppose -y + 2*h = 4*h - n, 0 = -3*h - 6. What is the highest common divisor of y and 50?
10
Let b = 2 - 4. Let l be 1/b*6*-4. Let g be (-15)/(-2)*48/10. What is the greatest common factor of g and l?
12
Let n(i) = 2*i - 4. Let a be n(6). Suppose -2*s + 12 = s. What is the highest common divisor of a and s?
4
Let f be (1/(-2))/((-1)/32). Suppose -k -